{"id":31,"date":"2015-07-05T13:55:25","date_gmt":"2015-07-05T11:55:25","guid":{"rendered":"http:\/\/www.liberale-muslime.eu\/?page_id=31"},"modified":"2015-07-06T06:39:42","modified_gmt":"2015-07-06T04:39:42","slug":"mission","status":"publish","type":"page","link":"http:\/\/www.liberale-muslime.eu\/de\/mission\/","title":{"rendered":"Mission"},"content":{"rendered":"<p><strong>Integration &#8211; f\u00fcr ein besseres\u00a0Europa<\/strong><\/p>\n<p><img loading=\"lazy\" class=\"alignleft size-full wp-image-42\" src=\"http:\/\/www.liberale-muslime.eu\/wp-content\/uploads\/2015\/07\/3179534749_3304ccc105_n.jpg\" alt=\"3179534749_3304ccc105_n\" width=\"320\" height=\"213\" srcset=\"http:\/\/www.liberale-muslime.eu\/wp-content\/uploads\/2015\/07\/3179534749_3304ccc105_n.jpg 320w, http:\/\/www.liberale-muslime.eu\/wp-content\/uploads\/2015\/07\/3179534749_3304ccc105_n-300x200.jpg 300w, http:\/\/www.liberale-muslime.eu\/wp-content\/uploads\/2015\/07\/3179534749_3304ccc105_n-100x67.jpg 100w, http:\/\/www.liberale-muslime.eu\/wp-content\/uploads\/2015\/07\/3179534749_3304ccc105_n-150x100.jpg 150w, http:\/\/www.liberale-muslime.eu\/wp-content\/uploads\/2015\/07\/3179534749_3304ccc105_n-200x133.jpg 200w\" sizes=\"(max-width: 320px) 100vw, 320px\" \/>In einer Studie aus dem Jahr 2013 ging hervor, dass 574.000 Muslime in \u00d6sterreich leben. Dies sind 7 Prozent der Bev\u00f6lkerung in \u00d6sterreich. Zirka 203.000 davon sind \u00f6sterreichische Staatsb\u00fcrger. Dies ist ein Anstieg seit der letzten Volksz\u00e4hlung aus dem Jahre 2001, um 70 Prozent. Jeder zweite Wiener Sch\u00fcler hat eine andere Muttersprache als Deutsch. Muslime spielen da eine gro\u00dfe Rolle. <a href=\"#_ftn1\" name=\"_ftnref1\">[1]<\/a> Genau diese Kinder geh\u00f6ren zur \u00f6sterreichischen Zukunft, ob Sie wollen oder nicht, und somit kommt es allen zugute, wenn man in sie aufkl\u00e4rt, in sie investiert und integriert.<\/p>\n<p>Wie diese Zahlen zeigen, ist es l\u00e4ngst an der Zeit, Aufarbeitung zu leisten. Viele Medien sind nicht gerade hilfreich, da diese regelrecht die Religionen gegeneinander aufhetzten, anstatt Integrationsarbeit zu leisten.<\/p>\n<p>Aus diesem Grund, hat es sich unser Verein zur Mission gemacht Missst\u00e4nde gegen den Islam aufzuzeigen, um so einen wichtigen Beitrag zur Integration von Muslimen zu leisten.<\/p>\n<p><strong>\u00a0<\/strong><strong>Wir k\u00f6nnen nicht l\u00e4nger zusehen, sondern m\u00fcssen handeln!<\/strong><\/p>\n<p>Wir werden Unwahrheiten aufzeigen und Medien oder Politiker an den Pranger stellen, welche sich f\u00fcr Emigration einsetzen, anstatt Migration zu f\u00f6rdern. Dies sind wesentliche Schritte, um Muslime in ein \u201ebesseres\u201c Licht zu r\u00fccken und zu verstehen. Muslime in \u00d6sterreich sind eine Tatsache und laut einiger Studien werden im Jahr 2051 fast 14-20 Prozent Muslime in \u00d6sterreich leben. <a href=\"#_ftn2\" name=\"_ftnref2\">[2]<\/a><\/p>\n<p><a href=\"#_ftnref1\" name=\"_ftn1\">[1]<\/a> Fatih, Aydogdu: Muslimische Alltagspraxis in \u00d6sterreich. Institut f\u00fcr islamische Studien der Uni Wien 2013<\/p>\n<p><a href=\"#_ftnref2\" name=\"_ftn2\">[2]<\/a> Muslimische Alltagspraxis in \u00d6sterreich, Institut f\u00fcr Islamische Studien<\/p>\n","protected":false},"excerpt":{"rendered":"<p>Integration &#8211; f\u00fcr ein besseres\u00a0Europa In einer Studie aus dem Jahr 2013 ging hervor, dass 574.000 Muslime in \u00d6sterreich leben. Dies sind 7 Prozent der Bev\u00f6lkerung in \u00d6sterreich. Zirka 203.000 davon sind \u00f6sterreichische Staatsb\u00fcrger. Dies ist ein Anstieg seit der &hellip;<\/p>\n<p class=\"read-more\"> <a class=\"more-link\" href=\"http:\/\/www.liberale-muslime.eu\/de\/mission\/\"> <span class=\"screen-reader-text\">Mission<\/span> Read More &raquo;<\/a><\/p>\n","protected":false},"author":1,"featured_media":0,"parent":0,"menu_order":0,"comment_status":"closed","ping_status":"closed","template":"content-sidebar-page.php","meta":[],"_links":{"self":[{"href":"http:\/\/www.liberale-muslime.eu\/de\/wp-json\/wp\/v2\/pages\/31"}],"collection":[{"href":"http:\/\/www.liberale-muslime.eu\/de\/wp-json\/wp\/v2\/pages"}],"about":[{"href":"http:\/\/www.liberale-muslime.eu\/de\/wp-json\/wp\/v2\/types\/page"}],"author":[{"embeddable":true,"href":"http:\/\/www.liberale-muslime.eu\/de\/wp-json\/wp\/v2\/users\/1"}],"replies":[{"embeddable":true,"href":"http:\/\/www.liberale-muslime.eu\/de\/wp-json\/wp\/v2\/comments?post=31"}],"version-history":[{"count":5,"href":"http:\/\/www.liberale-muslime.eu\/de\/wp-json\/wp\/v2\/pages\/31\/revisions"}],"predecessor-version":[{"id":45,"href":"http:\/\/www.liberale-muslime.eu\/de\/wp-json\/wp\/v2\/pages\/31\/revisions\/45"}],"wp:attachment":[{"href":"http:\/\/www.liberale-muslime.eu\/de\/wp-json\/wp\/v2\/media?parent=31"}],"curies":[{"name":"wp","href":"https:\/\/api.w.org\/{rel}","templated":true}]}}

<p><strong>Integration &#8211; für ein besseres Europa</strong></p>
<p><img loading="lazy" class="alignleft size-full wp-image-42" src="http://www.liberale-muslime.eu/wp-content/uploads/2015/07/3179534749_3304ccc105_n.jpg" alt="3179534749_3304ccc105_n" width="320" height="213" srcset="http://www.liberale-muslime.eu/wp-content/uploads/2015/07/3179534749_3304ccc105_n.jpg 320w, http://www.liberale-muslime.eu/wp-content/uploads/2015/07/3179534749_3304ccc105_n-300x200.jpg 300w, http://www.liberale-muslime.eu/wp-content/uploads/2015/07/3179534749_3304ccc105_n-100x67.jpg 100w, http://www.liberale-muslime.eu/wp-content/uploads/2015/07/3179534749_3304ccc105_n-150x100.jpg 150w, http://www.liberale-muslime.eu/wp-content/uploads/2015/07/3179534749_3304ccc105_n-200x133.jpg 200w" sizes="(max-width: 320px) 100vw, 320px" />In einer Studie aus dem Jahr 2013 ging hervor, dass 574.000 Muslime in Österreich leben. Dies sind 7 Prozent der Bevölkerung in Österreich. Zirka 203.000 davon sind österreichische Staatsbürger. Dies ist ein Anstieg seit der letzten Volkszählung aus dem Jahre 2001, um 70 Prozent. Jeder zweite Wiener Schüler hat eine andere Muttersprache als Deutsch. Muslime spielen da eine große Rolle. <a href="#_ftn1" name="_ftnref1">[1]</a> Genau diese Kinder gehören zur österreichischen Zukunft, ob Sie wollen oder nicht, und somit kommt es allen zugute, wenn man in sie aufklärt, in sie investiert und integriert.</p>
<p>Wie diese Zahlen zeigen, ist es längst an der Zeit, Aufarbeitung zu leisten. Viele Medien sind nicht gerade hilfreich, da diese regelrecht die Religionen gegeneinander aufhetzten, anstatt Integrationsarbeit zu leisten.</p>
<p>Aus diesem Grund, hat es sich unser Verein zur Mission gemacht Missstände gegen den Islam aufzuzeigen, um so einen wichtigen Beitrag zur Integration von Muslimen zu leisten.</p>
<p><strong> </strong><strong>Wir können nicht länger zusehen, sondern müssen handeln!</strong></p>
<p>Wir werden Unwahrheiten aufzeigen und Medien oder Politiker an den Pranger stellen, welche sich für Emigration einsetzen, anstatt Migration zu fördern. Dies sind wesentliche Schritte, um Muslime in ein „besseres“ Licht zu rücken und zu verstehen. Muslime in Österreich sind eine Tatsache und laut einiger Studien werden im Jahr 2051 fast 14-20 Prozent Muslime in Österreich leben. <a href="#_ftn2" name="_ftnref2">[2]</a></p>
<p><a href="#_ftnref1" name="_ftn1">[1]</a> Fatih, Aydogdu: Muslimische Alltagspraxis in Österreich. Institut für islamische Studien der Uni Wien 2013</p>
<p><a href="#_ftnref2" name="_ftn2">[2]</a> Muslimische Alltagspraxis in Österreich, Institut für Islamische Studien</p>

<p>Integration &#8211; für ein besseres Europa In einer Studie aus dem Jahr 2013 ging hervor, dass 574.000 Muslime in Österreich leben. Dies sind 7 Prozent der Bevölkerung in Österreich. Zirka 203.000 davon sind österreichische Staatsbürger. Dies ist ein Anstieg seit der &hellip;</p>
<p class="read-more"> <a class="more-link" href="http://www.liberale-muslime.eu/de/mission/"> <span class="screen-reader-text">Mission</span> Read More &raquo;</a></p>
